{"id":328,"date":"2017-05-27T10:07:49","date_gmt":"2017-05-27T08:07:49","guid":{"rendered":"http:\/\/diegoalessiacompatible.ch\/?post_type=product&#038;p=328"},"modified":"2017-05-27T10:08:07","modified_gmt":"2017-05-27T08:08:07","slug":"gala-nouillettes-chinoises","status":"publish","type":"product","link":"https:\/\/diegoalessiacompatible.ch\/?product=gala-nouillettes-chinoises","title":{"rendered":"Gala Nouillettes chinoises"},"content":{"rendered":"<p>P\u00e2tes s\u00e8ches de la marque Gala et napoli &#8211; Qualit\u00e9 et prix<\/p>\n","protected":false},"excerpt":{"rendered":"<p>P\u00e2tes s\u00e8ches de la marque Gala et napoli &#8211; Qualit\u00e9 et prix<\/p>\n","protected":false},"featured_media":329,"template":"","meta":[],"product_brand":[],"product_cat":[7],"product_tag":[28],"class_list":{"0":"post-328","1":"product","2":"type-product","3":"status-publish","4":"has-post-thumbnail","6":"product_cat-coop","7":"product_tag-feculents","9":"first","10":"instock","11":"shipping-taxable","12":"purchasable","13":"product-type-simple"},"_links":{"self":[{"href":"https:\/\/diegoalessiacompatible.ch\/index.php?rest_route=\/wp\/v2\/product\/328","targetHints":{"allow":["GET"]}}],"collection":[{"href":"https:\/\/diegoalessiacompatible.ch\/index.php?rest_route=\/wp\/v2\/product"}],"about":[{"href":"https:\/\/diegoalessiacompatible.ch\/index.php?rest_route=\/wp\/v2\/types\/product"}],"wp:featuredmedia":[{"embeddable":true,"href":"https:\/\/diegoalessiacompatible.ch\/index.php?rest_route=\/wp\/v2\/media\/329"}],"wp:attachment":[{"href":"https:\/\/diegoalessiacompatible.ch\/index.php?rest_route=%2Fwp%2Fv2%2Fmedia&parent=328"}],"wp:term":[{"taxonomy":"product_brand","embeddable":true,"href":"https:\/\/diegoalessiacompatible.ch\/index.php?rest_route=%2Fwp%2Fv2%2Fproduct_brand&post=328"},{"taxonomy":"product_cat","embeddable":true,"href":"https:\/\/diegoalessiacompatible.ch\/index.php?rest_route=%2Fwp%2Fv2%2Fproduct_cat&post=328"},{"taxonomy":"product_tag","embeddable":true,"href":"https:\/\/diegoalessiacompatible.ch\/index.php?rest_route=%2Fwp%2Fv2%2Fproduct_tag&post=328"}],"curies":[{"name":"wp","href":"https:\/\/api.w.org\/{rel}","templated":true}]}}