{"id":365,"date":"2017-05-27T10:39:52","date_gmt":"2017-05-27T08:39:52","guid":{"rendered":"http:\/\/diegoalessiacompatible.ch\/?post_type=product&#038;p=365"},"modified":"2017-05-27T10:39:52","modified_gmt":"2017-05-27T08:39:52","slug":"pruneaux-seches-denoyautes-sunqueen","status":"publish","type":"product","link":"https:\/\/diegoalessiacompatible.ch\/?product=pruneaux-seches-denoyautes-sunqueen","title":{"rendered":"Pruneaux s\u00e9ch\u00e9s d\u00e9noyaut\u00e9s \u2013 SunQueen"},"content":{"rendered":"","protected":false},"excerpt":{"rendered":"","protected":false},"featured_media":366,"template":"","meta":[],"product_brand":[],"product_cat":[6],"product_tag":[29],"class_list":{"0":"post-365","1":"product","2":"type-product","3":"status-publish","4":"has-post-thumbnail","6":"product_cat-migros","7":"product_tag-fruits-secs","9":"first","10":"instock","11":"shipping-taxable","12":"purchasable","13":"product-type-simple"},"_links":{"self":[{"href":"https:\/\/diegoalessiacompatible.ch\/index.php?rest_route=\/wp\/v2\/product\/365","targetHints":{"allow":["GET"]}}],"collection":[{"href":"https:\/\/diegoalessiacompatible.ch\/index.php?rest_route=\/wp\/v2\/product"}],"about":[{"href":"https:\/\/diegoalessiacompatible.ch\/index.php?rest_route=\/wp\/v2\/types\/product"}],"wp:featuredmedia":[{"embeddable":true,"href":"https:\/\/diegoalessiacompatible.ch\/index.php?rest_route=\/wp\/v2\/media\/366"}],"wp:attachment":[{"href":"https:\/\/diegoalessiacompatible.ch\/index.php?rest_route=%2Fwp%2Fv2%2Fmedia&parent=365"}],"wp:term":[{"taxonomy":"product_brand","embeddable":true,"href":"https:\/\/diegoalessiacompatible.ch\/index.php?rest_route=%2Fwp%2Fv2%2Fproduct_brand&post=365"},{"taxonomy":"product_cat","embeddable":true,"href":"https:\/\/diegoalessiacompatible.ch\/index.php?rest_route=%2Fwp%2Fv2%2Fproduct_cat&post=365"},{"taxonomy":"product_tag","embeddable":true,"href":"https:\/\/diegoalessiacompatible.ch\/index.php?rest_route=%2Fwp%2Fv2%2Fproduct_tag&post=365"}],"curies":[{"name":"wp","href":"https:\/\/api.w.org\/{rel}","templated":true}]}}