{"id":514,"date":"2017-05-28T08:56:35","date_gmt":"2017-05-28T06:56:35","guid":{"rendered":"http:\/\/diegoalessiacompatible.ch\/?post_type=product&#038;p=514"},"modified":"2022-11-08T11:52:27","modified_gmt":"2022-11-08T09:52:27","slug":"galettes-aux-4-cereales-et-au-sesame-naturaplan","status":"publish","type":"product","link":"https:\/\/diegoalessiacompatible.ch\/?product=galettes-aux-4-cereales-et-au-sesame-naturaplan","title":{"rendered":"Galettes aux 4 c\u00e9r\u00e9ales et au s\u00e9same &#8211; Naturaplan"},"content":{"rendered":"","protected":false},"excerpt":{"rendered":"","protected":false},"featured_media":515,"template":"","meta":[],"product_brand":[],"product_cat":[7],"product_tag":[87],"class_list":{"0":"post-514","1":"product","2":"type-product","3":"status-publish","4":"has-post-thumbnail","6":"product_cat-coop","7":"product_tag-snacks","9":"first","10":"instock","11":"shipping-taxable","12":"purchasable","13":"product-type-simple"},"_links":{"self":[{"href":"https:\/\/diegoalessiacompatible.ch\/index.php?rest_route=\/wp\/v2\/product\/514","targetHints":{"allow":["GET"]}}],"collection":[{"href":"https:\/\/diegoalessiacompatible.ch\/index.php?rest_route=\/wp\/v2\/product"}],"about":[{"href":"https:\/\/diegoalessiacompatible.ch\/index.php?rest_route=\/wp\/v2\/types\/product"}],"wp:featuredmedia":[{"embeddable":true,"href":"https:\/\/diegoalessiacompatible.ch\/index.php?rest_route=\/wp\/v2\/media\/515"}],"wp:attachment":[{"href":"https:\/\/diegoalessiacompatible.ch\/index.php?rest_route=%2Fwp%2Fv2%2Fmedia&parent=514"}],"wp:term":[{"taxonomy":"product_brand","embeddable":true,"href":"https:\/\/diegoalessiacompatible.ch\/index.php?rest_route=%2Fwp%2Fv2%2Fproduct_brand&post=514"},{"taxonomy":"product_cat","embeddable":true,"href":"https:\/\/diegoalessiacompatible.ch\/index.php?rest_route=%2Fwp%2Fv2%2Fproduct_cat&post=514"},{"taxonomy":"product_tag","embeddable":true,"href":"https:\/\/diegoalessiacompatible.ch\/index.php?rest_route=%2Fwp%2Fv2%2Fproduct_tag&post=514"}],"curies":[{"name":"wp","href":"https:\/\/api.w.org\/{rel}","templated":true}]}}