{"id":797,"date":"2018-03-17T11:30:26","date_gmt":"2018-03-17T09:30:26","guid":{"rendered":"http:\/\/diegoalessiacompatible.ch\/?post_type=product&#038;p=797"},"modified":"2018-03-18T20:16:25","modified_gmt":"2018-03-18T18:16:25","slug":"simply-v-veganer-schmelzgenuss-fromage-rape-vegetal-pour-pizza","status":"publish","type":"product","link":"https:\/\/diegoalessiacompatible.ch\/?product=simply-v-veganer-schmelzgenuss-fromage-rape-vegetal-pour-pizza","title":{"rendered":"Simply V veganer Schmelzgenuss fromage r\u00e2p\u00e9 v\u00e9g\u00e9tal pour pizza"},"content":{"rendered":"","protected":false},"excerpt":{"rendered":"","protected":false},"featured_media":798,"template":"","meta":[],"product_brand":[],"product_cat":[7],"product_tag":[21],"class_list":{"0":"post-797","1":"product","2":"type-product","3":"status-publish","4":"has-post-thumbnail","6":"product_cat-coop","7":"product_tag-produits-laitiers","9":"first","10":"instock","11":"shipping-taxable","12":"purchasable","13":"product-type-simple"},"_links":{"self":[{"href":"https:\/\/diegoalessiacompatible.ch\/index.php?rest_route=\/wp\/v2\/product\/797","targetHints":{"allow":["GET"]}}],"collection":[{"href":"https:\/\/diegoalessiacompatible.ch\/index.php?rest_route=\/wp\/v2\/product"}],"about":[{"href":"https:\/\/diegoalessiacompatible.ch\/index.php?rest_route=\/wp\/v2\/types\/product"}],"wp:featuredmedia":[{"embeddable":true,"href":"https:\/\/diegoalessiacompatible.ch\/index.php?rest_route=\/wp\/v2\/media\/798"}],"wp:attachment":[{"href":"https:\/\/diegoalessiacompatible.ch\/index.php?rest_route=%2Fwp%2Fv2%2Fmedia&parent=797"}],"wp:term":[{"taxonomy":"product_brand","embeddable":true,"href":"https:\/\/diegoalessiacompatible.ch\/index.php?rest_route=%2Fwp%2Fv2%2Fproduct_brand&post=797"},{"taxonomy":"product_cat","embeddable":true,"href":"https:\/\/diegoalessiacompatible.ch\/index.php?rest_route=%2Fwp%2Fv2%2Fproduct_cat&post=797"},{"taxonomy":"product_tag","embeddable":true,"href":"https:\/\/diegoalessiacompatible.ch\/index.php?rest_route=%2Fwp%2Fv2%2Fproduct_tag&post=797"}],"curies":[{"name":"wp","href":"https:\/\/api.w.org\/{rel}","templated":true}]}}