{"id":880,"date":"2019-05-04T11:49:23","date_gmt":"2019-05-04T09:49:23","guid":{"rendered":"http:\/\/diegoalessiacompatible.ch\/?post_type=product&#038;p=880"},"modified":"2019-05-04T11:49:23","modified_gmt":"2019-05-04T09:49:23","slug":"feta-greek-white-block-violife","status":"publish","type":"product","link":"https:\/\/diegoalessiacompatible.ch\/?product=feta-greek-white-block-violife","title":{"rendered":"F\u00e9ta Greek white block Violife"},"content":{"rendered":"","protected":false},"excerpt":{"rendered":"<p>Feta v\u00e9g\u00e9tale, a un go\u00fbt de kiri<\/p>\n<div class=\"read-more\"><a href=\"https:\/\/diegoalessiacompatible.ch\/?product=feta-greek-white-block-violife\">Lire la suite <span class=\"screen-reader-text\">F\u00e9ta Greek white block Violife<\/span><span class=\"meta-nav\"> &#8250;<\/span><\/a><\/div>\n<p><!-- end of .read-more --><\/p>\n","protected":false},"featured_media":881,"template":"","meta":[],"product_brand":[],"product_cat":[7,48],"product_tag":[21],"class_list":{"0":"post-880","1":"product","2":"type-product","3":"status-publish","4":"has-post-thumbnail","6":"product_cat-coop","7":"product_cat-fabulous-ch","8":"product_tag-produits-laitiers","10":"first","11":"instock","12":"shipping-taxable","13":"purchasable","14":"product-type-simple"},"_links":{"self":[{"href":"https:\/\/diegoalessiacompatible.ch\/index.php?rest_route=\/wp\/v2\/product\/880","targetHints":{"allow":["GET"]}}],"collection":[{"href":"https:\/\/diegoalessiacompatible.ch\/index.php?rest_route=\/wp\/v2\/product"}],"about":[{"href":"https:\/\/diegoalessiacompatible.ch\/index.php?rest_route=\/wp\/v2\/types\/product"}],"wp:featuredmedia":[{"embeddable":true,"href":"https:\/\/diegoalessiacompatible.ch\/index.php?rest_route=\/wp\/v2\/media\/881"}],"wp:attachment":[{"href":"https:\/\/diegoalessiacompatible.ch\/index.php?rest_route=%2Fwp%2Fv2%2Fmedia&parent=880"}],"wp:term":[{"taxonomy":"product_brand","embeddable":true,"href":"https:\/\/diegoalessiacompatible.ch\/index.php?rest_route=%2Fwp%2Fv2%2Fproduct_brand&post=880"},{"taxonomy":"product_cat","embeddable":true,"href":"https:\/\/diegoalessiacompatible.ch\/index.php?rest_route=%2Fwp%2Fv2%2Fproduct_cat&post=880"},{"taxonomy":"product_tag","embeddable":true,"href":"https:\/\/diegoalessiacompatible.ch\/index.php?rest_route=%2Fwp%2Fv2%2Fproduct_tag&post=880"}],"curies":[{"name":"wp","href":"https:\/\/api.w.org\/{rel}","templated":true}]}}